 = -7*b + 3. Determine n(-4).
31
Let g(d) = 12*d + 112. What is g(-10)?
-8
Let c(u) = -u**3 + 5*u**2 - 2*u - 5. Give c(5).
-15
Let y(r) = -r + 6. Determine y(-3).
9
Let r(n) = -2*n - 6. Calculate r(-6).
6
Let d(s) = s**2 + 4*s - 13. What is d(-7)?
8
Let x(k) = 6*k + 67. Give x(-10).
7
Let m(a) = -34*a - 596. Determine m(-17).
-18
Let s(o) = o**3 + 6*o**2 - 14. Give s(-6).
-14
Let c(j) = j**3 + 6*j**2 + 2*j + 2. Calculate c(-6).
-10
Let m(w) = 2*w**2 - 8*w - 10. Give m(11).
144
Let i(l) = -2*l**3 - 9*l + 8. Calculate i(0).
8
Let w(l) = -l + 4. Give w(4).
0
Let r(g) = 6*g**2 - 61*g + 10. Calculate r(10).
0
Let z(y) = -2*y**3 + 28*y**2 + 6*y + 1. Determine z(14).
85
Let a(g) = -g**2 + 62. Determine a(11).
-59
Let y(c) = -8*c + 23. Calculate y(26).
-185
Let z(g) = 13*g**3 + 3*g**2 - 2. Give z(2).
114
Let s(z) = z**3 - 5*z**2 - 35*z - 3. What is s(9)?
6
Let n(y) = 7*y + 10. What is n(-7)?
-39
Let q(h) = -h**3 - 5*h**2 - 7*h - 3. Calculate q(-5).
32
Let y(t) = 4*t - 31. Calculate y(7).
-3
Let p(y) = 7*y - 74. Calculate p(11).
3
Let d(g) = -48*g - 282. Determine d(-6).
6
Let r(i) = -i - 1. Calculate r(-4).
3
Let f(i) = -3*i + 22. What is f(5)?
7
Let x(b) = -b**3 - 6*b**2 - 6*b - 6. Determine x(-4).
-14
Let b(i) = 2*i**2 + 9*i + 54. Determine b(-5).
59
Let p(b) = 2*b - 2. What is p(-2)?
-6
Let y(z) = -z - 10. What is y(-6)?
-4
Let a(j) = -j + 64. Determine a(20).
44
Let z(d) = -d**2 - 54*d - 546. Determine z(-40).
14
Let w(k) = k**3 + 5*k**2 + 6*k - 3. What is w(-5)?
-33
Let d(t) = t**3 + 13*t**2 - 2*t - 11. Calculate d(-13).
15
Let y(o) = 24*o + 68. What is y(-5)?
-52
Let v(a) = a**3 + 10*a**2 + 9*a + 5. Calculate v(-8).
61
Let t(l) = -10*l + 434. Determine t(43).
4
Let k(w) = w**2 - 31*w + 116. Calculate k(27).
8
Let l(h) = 13*h**2 - 5*h + 8. What is l(2)?
50
Let c(l) = 2*l**3 - 17*l**2 + 20*l + 10. Calculate c(7).
3
Let b(g) = -124*g + 747. Determine b(6).
3
Let w(z) = -2*z**2 - 11*z + 10. What is w(-9)?
-53
Let i(y) = 3*y - 7. Determine i(5).
8
Let v(i) = -2*i - 5. Calculate v(1).
-7
Let h(a) = 10*a**3 + a**2 + 4*a - 6. Give h(1).
9
Let c(a) = 3*a - 7. Calculate c(-9).
-34
Let f(t) = -t**2 + 11*t - 36. What is f(7)?
-8
Let r(z) = z + 24. Determine r(-20).
4
Let r(q) = -q**2 - 12*q - 9. What is r(-12)?
-9
Let u(x) = x**2 - 12*x - 2. What is u(16)?
62
Let x(a) = -a**3 - 16*a**2 - 16*a - 10. Determine x(-15).
5
Let m(h) = 2*h**2 + 48*h - 9. What is m(-24)?
-9
Let c(l) = -2*l**3 + 9*l**2 + 37*l - 6. Give c(7).
8
Let x(l) = 4*l - 22. Calculate x(6).
2
Let a(t) = 10*t**3 - t**2 + 2*t - 2. Calculate a(1).
9
Let a(d) = 24*d - 36. Give a(2).
12
Let r(j) = -4*j**3 - 3*j**2 - 2*j + 5. Calculate r(-2).
29
Let v(o) = o**2 + 13*o + 8. Determine v(-12).
-4
Let f(n) = -n**3 + 18*n**2 + 42*n - 26. What is f(20)?
14
Let b(m) = -13*m + 1. Give b(3).
-38
Let m(p) = -p**2 + 13*p - 18. What is m(11)?
4
Let l(o) = -o**2 - 2*o + 15. Calculate l(-6).
-9
Let z(h) = -8*h**3 - h**2 + h + 2. What is z(-1)?
8
Let n(l) = -l**2 - 2*l - 29. Calculate n(0).
-29
Let m(y) = 4*y + 49. Determine m(-14).
-7
Let t(f) = -f**3 + 5*f**2 - 5*f + 4. What is t(4)?
0
Let g(d) = 5*d - 12. Determine g(2).
-2
Let w(i) = i**2 + 64*i + 877. Give w(-44).
-3
Let a(u) = -9*u**3 + 2*u**2 - 2*u + 1. Determine a(1).
-8
Let n(z) = z**2 + 25*z - 190. Determine n(-31).
-4
Let u(f) = -f**3 + 3*f**2 - 4. Give u(4).
-20
Let v(n) = -n**2 + 14*n - 2. Calculate v(13).
11
Let k(o) = -o**3 + 8*o**2 + 13*o - 2. Calculate k(9).
34
Let d(r) = -3*r + 43. Give d(13).
4
Let y(r) = -r - 29. Determine y(-12).
-17
Let d(r) = r**2 + 8*r + 14. Give d(-7).
7
Let v(y) = -7*y - 104. Calculate v(-23).
57
Let u(j) = -j**3 - 6*j**2 + 5*j + 24. Give u(-6).
-6
Let v(q) = -10*q**2 - 1. Calculate v(1).
-11
Let x(o) = 5*o**2 - 3*o - 3. What is x(-1)?
5
Let p(o) = -4*o - 34. Give p(-5).
-14
Let r(s) = -s**3 - 5*s**2 - 3*s - 5. What is r(-4)?
-9
Let u(i) = i**3 - 9*i**2 + 13*i + 6. What is u(7)?
-1
Let r(a) = 2*a + 21. Give r(12).
45
Let g(d) = -d**2 - 15*d - 38. Calculate g(-9).
16
Let t(m) = -m**2 - 8*m - 13. Calculate t(-5).
2
Let x(u) = u**2 - 13*u - 138. Determine x(20).
2
Let z(r) = -4*r**2 + 13*r + 57. Calculate z(7).
-48
Let f(d) = d**3 + 17*d**2 - 60*d + 6. Calculate f(-20).
6
Let b(x) = 8*x**2 - 31*x - 3. Give b(4).
1
Let t(r) = r**2 - 7*r - 18. Give t(-2).
0
Let d(i) = i**3 - 3*i**2 - 2*i + 3. What is d(4)?
11
Let m(q) = q**3 - 9*q**2 - 3*q + 22. Calculate m(9).
-5
Let t(y) = -45*y**2 - y + 3. What is t(1)?
-43
Let m(h) = h**2 + 27*h + 22. What is m(-30)?
112
Let s(z) = z - 14. Calculate s(-12).
-26
Let j(l) = -39*l - 193. Give j(-5).
2
Let q(u) = -u + 13. Calculate q(17).
-4
Let v(i) = -14*i. What is v(1)?
-14
Let b(m) = -m**2 + 20*m - 73. Determine b(17).
-22
Let q(r) = -r**3 + 4*r**2 + 7*r - 28. Give q(5).
-18
Let d(j) = -j**2 + 53*j - 204. Determine d(4).
-8
Let d(g) = 2*g**3 - 3*g**2 - 4*g - 2. Calculate d(0).
-2
Let f(w) = -w**3 - 7*w**2 + 4*w + 1. Calculate f(-7).
-27
Let u(t) = -t**2 - 13*t + 1. What is u(-11)?
23
Let i(c) = -c**3 - 7*c**2 + 2*c + 6. Calculate i(-7).
-8
Let d(a) = -21*a + 95. What is d(5)?
-10
Let m(o) = -o**3 - 26*o**2 + 28*o + 57. Calculate m(-27).
30
Let m(i) = -i**3 - 17*i**2 + 2*i + 55. What is m(-17)?
21
Let w(s) = -17*s + 287. Determine w(17).
-2
Let o(c) = 10*c + 10. What is o(5)?
60
Let g(h) = -19*h - 83. What is g(-4)?
-7
Let u(t) = -4*t - 121. Determine u(-33).
11
Let c(p) = p**3 + 6*p**2 - 13*p - 11. Calculate c(-8).
-35
Let x(q) = -q**2 + 5*q + 8. Determine x(7).
-6
Let r(i) = -13*i + 323. Calculate r(25).
-2
Let o(a) = a**3 + 9*a**2 + 8*a + 4. Give o(-8).
4
Let g(z) = z**3 - 2*z**2 - 3*z + 1. Calculate g(3).
1
Let u(f) = 2*f**3 - 3*f**2 - 3*f + 3. Give u(3).
21
Let w(d) = d**2 + 2*d - 1158. Calculate w(-35).
-3
Let f(g) = 6*g - 29. What is f(3)?
-11
Let g(s) = -s**3 - 6*s**2 + 2*s + 4. What is g(-6)?
-8
Let z(u) = 14*u - 72. Give z(4).
-16
Let h(t) = 2*t**2 + 17*t - 22. What is h(-10)?
8
Let j(b) = b**2 + 9. What is j(0)?
9
Let f(i) = -i**3 + 9*i**2 - 8*i + 6. Calculate f(8).
6
Let q(l) = -25*l - 21. Calculate q(-7).
154
Let i(h) = -2*h + 14. Calculate i(10).
-6
Let k(m) = 13*m + 303. What is k(-23)?
4
Let i(c) = -c**3 + 5*c**2 + 7*c - 8. What is i(6)?
-2
Let l(x) = 2*x**3 - 16*x**2 + 15*x. Determine l(7).
7
Let c(j) = 5*j + 1. Calculate c(-3).
-14
Let n(r) = -4*r. Calculate n(3).
-12
Let y(z) = z**2 + 16*z + 23. Give y(-14).
-5
Let l(q) = -q**2 + 8. Give l(6).
-28
Let q(s) = -5*s - 19. What is q(-5)?
6
Let i(q) = 2*q - 17. Give i(7).
-3
Let z(m) = 6*m**2 + m. What is z(-1)?
5
Let j(h) = h**2 + 3. Calculate j(3).
12
Let r(y) = -10*y - 60. What is r(0)?
-60
Let w(p) = p**2 + 3*p - 3. Determine w(2).
7
Let i(p) = -p**3 + 6*p**2 - p + 14. Give i(6).
8
Let v(z) = 3*z**2 + 2*z + 3. Determine v(-2).
11
Let o(k) = -2*k + 11. What is o(3)?
5
Let k(z) = 2*z + 4. Determine k(4).
12
Let r(u) = 5*u**2 - 6*u - 4. Give r(-4).
100
Let h(f) = -f**3 + f**2 + 15*f - 5. Give h(4).
7
Let w(g) = g**2 + 10*g + 24. What is w(-6)?
0
Let v(f) = 4*f**3 + 4*f**2. Calculate v(-2).
-16
Let d(r) = r**2 - 14*r + 59. What is d(9)?
14
Let i(x) = -x**3 - 27*x**2 - 47*x - 3. Calculate i(-25).
-78
Let s(z) = 8*z**3 + 25*z**2 + 6*z + 6. Determine s(-3).
-3
Let y(g) = 9*g + 40. Give y(-10).
-50
Let d(g) = g**3 - g**2 + 2*g - 4. Determine d(2).
4
Let u(a) = -a + 2. Determine u(2).
0
Let p(h) = -5*h**2 - 10*h - 8. Determine p(-5).
-83
Let g(i) = -3*i - 21. Give g(-8).
3
Let y(f) = f**3 + 2*f**2 + 2*f - 1. Calculate y(2).
19
Let t(v) = -3*v + 26. Give t(9).
-1
Let j(s) = -s**2 + s + 16. Determine j(-4).
-4
Let z(k) = k**3 - 12*k**2 + 13*k - 25. Calculate z(11).
-3
Let h(d) = -d - 26. What is h(-9)?
-17
Let i(n) = -n**3 - 20*n**2 - 52*n - 31. What is i(-17)?
-14
Let p(j) = j - 27. What is p(0)?
-27
Let b(o) = -11*o**3 - 5*o**2 - 7*o - 2. What is b(-1)?
11
Let u(n) = -81*n - 324. Determine u(-4).
0
Let y(v) = 3*v**2 - 2*v + 7. Calculate y(3).
28
Let c(h) = -h**3 - 5*h**2 + 40. Determine c(0).
40
Let w(g) = -g - 24. Determine w(-10).
-14
Let x(l) = -l**2 + l + 1. What is x(-6)?
-41
Let c(f) = -28*f + 2. Give c(-1).
30
Let b(r) = 2*r**2 - 2*r - 1. Give b(2).
3
Let a(o) = 14*o + 56. Give a(-4).
0
Let y(p) = 3*p**2 - 68*p - 17. Give y(23).
6
Let z(v) = -2*v**3 + 10*v**2 - 11*v + 6. What is z(4)?
-6
Let w(o) = -o**3 - 11*o**2 - 2*o